t c(w) be the second derivative of -w**4/6 + 3*w**3/2 + 11*w**2/2 + 1786*w. Calculate c(-4).
-57
Let q = -42 + 53. Suppose -160 = -4*y + 4*g, q*y - 12*y = 3*g - 48. Let w = y - 43. Let j(x) = -16*x**3 + 1. Determine j(w).
17
Let v(w) = 2*w**2 + 20*w + 23. Let p(t) = t**3 - 45*t**2 + 73*t + 550. Let n be p(43). What is v(n)?
5
Suppose -4*v - 10 = -5*v. Suppose 0 = 4*c - v + 6. Let y be 0/c + 6/(12/4). Let d(s) = s**2 - 3*s + 3. Calculate d(y).
1
Let s(p) = 1418 - 77*p - p**3 - 1419 + 91*p + 7*p**2. Give s(-2).
7
Let w be 65/((-4)/(-64)*-4). Let x be (-2236)/w - 2/(-5). Let b(j) be the second derivative of j**3/6 - 2*j**2 + 3*j. Give b(x).
5
Let h(k) = 2*k + 10. Let q(f) = 9*f - 41. Let v be (3 + -2)/(10/50). Let s be q(v). Suppose 0*x - x = 2*j, -s*j = -5*x - 56. Determine h(x).
-6
Let o(q) = 5 + 33*q**3 - 28*q**3 + 4*q - 6*q**3. Determine o(3).
-10
Let h(l) be the second derivative of 2*l**3/3 - 29*l**2 + 1802*l. Give h(14).
-2
Let v(f) = f - 99. Let n(g) = -25*g - 425. Let d(u) = -n(u) + 4*v(u). What is d(-1)?
0
Suppose 0 = 3*z + 9 + 3. Let g(m) be the first derivative of -1/2*m**2 - 3*m - 4. What is g(z)?
1
Suppose 25*h + 5 = 30*h. Let d(s) = s**3 - s**2 + 2*s - 1. Let a(z) = -z**3 - 12*z**2 - 6*z + 12. Let q(f) = h*a(f) + 2*d(f). What is q(14)?
-18
Suppose -28 = 4*l + 4*h, -4*l = 2*h + 8 + 20. Let t(j) = -5*j - 12. Determine t(l).
23
Let z be 6*(2 - 5/2). Let h(n) be the third derivative of 0 - 40*n**2 + 0*n + 0*n**3 + 1/60*n**6 - 1/6*n**4 + 1/20*n**5. Determine h(z).
-15
Let g(k) = 4*k**2 - 163*k - 53. Let q = -37019 - -37060. Determine g(q).
-12
Let x(g) = -4*g**2 + 16*g + 16. Let w(p) = -9*p**2 + 33*p + 31. Let l(m) = -3*w(m) + 7*x(m). Let a be 2 - (-16 - 116/(-29)). Calculate l(a).
5
Let a(w) be the second derivative of w**6/120 - w**5/12 - w**4/6 - 2*w**3/3 - 19*w**2/2 + 5*w. Let s(q) be the first derivative of a(q). Calculate s(6).
8
Let k = 191 + -103. Suppose -j - 96 = -3*x - 2*x, -k = -4*x - 2*j. Suppose -2*a + 0*q = -2*q - 8, -2*a - 4*q + x = 0. Let d(i) = i - 12. Give d(a).
-6
Let w(z) = 14 - 1216*z**2 - 20 - 4*z + 1222*z**2 + 2*z**3. Give w(-5).
-86
Let j(i) = -i**2 + 17*i + 15. Let k = -1598 - -1617. Give j(k).
-23
Suppose -x - 3*k + 3 = 0, -10*x + k - 1 = -5*x. Let d(l) = -16*l + 11. What is d(x)?
11
Let k(z) be the third derivative of z**4/12 - 6*z**3 + 130*z**2. Determine k(21).
6
Let r(d) = 2*d. Let p(h) = -47*h + 27*h + 25*h. Let o(y) = 4*p(y) - 9*r(y). Give o(2).
4
Let l(c) be the third derivative of c**5/60 + 5*c**4/24 + 2*c**3/3 + 969*c**2. Calculate l(-8).
28
Suppose -2 = w + 11*i - 10*i, 4*i = w + 7. Let c(d) = 7*d - 52*d**2 - 4*d + 56*d**2 + d**3. Calculate c(w).
0
Suppose 4*x + 2 - 18 = 0. Let z(o) be the second derivative of 3*o**2 - 109*o - 1/2*o**3 + 0. Give z(x).
-6
Let w(s) = 3*s**3 + 5*s**2 + 3*s + 2. Let h(z) = -2*z**3 - 5*z**2 - 2*z - 3. Let j(v) = -4*h(v) - 3*w(v). Suppose -5*n = 14 - 39. Calculate j(n).
1
Let x(l) = 21*l**2 - 40*l - 2. Let t(a) = -60*a**2 + 117*a + 5. Let n(y) = 6*t(y) + 17*x(y). Give n(7).
3
Let o(x) = x - 3. Suppose 39 = -8*j + 183. Suppose 17*n - 103 = -j. Determine o(n).
2
Let j(f) = 70 - 160 + 68 - 3*f + 81 + 6*f. Give j(-17).
8
Let y(d) be the first derivative of -d**3/3 + 4*d**2 - 13*d - 1818. Calculate y(4).
3
Let w be 9/((-180)/70)*2. Let k(j) = j**3 + 7*j**2 + 6*j + 7. Determine k(w).
-35
Suppose 345 = 9*n - 335 + 671. Let g(q) = 25*q**3 - q**2 - 6*q + 6. Let c(l) = -49*l**3 + 2*l**2 + 13*l - 13. Let k(j) = 6*c(j) + 13*g(j). Calculate k(n).
30
Let n(j) = j**2 - 7*j + 4. Let p(z) = z + 3. Let o be p(9). Let h = 41 - o. Suppose h = 4*m + 5. Calculate n(m).
-2
Let k(h) = h**3 + 2*h**2 - 5*h - 6. Let p(n) = -4*n + 167. Let i(t) = 5*t - 167. Let v(j) = -5*i(j) - 4*p(j). Let l be v(19). What is k(l)?
-18
Let p be 15/(-12)*5*(-64)/200. Let v(o) = o**2 + 11*o - 29. Calculate v(p).
-3
Suppose 4*y + 6 = -h - 10, -3*h + 22 = -2*y. Let d(m) be the first derivative of 72 - m**2 - 140 - 4*m - m - 2*m - 330. Determine d(y).
3
Suppose -5*c + 41 = 7*j - 8*j, -26 = -3*c + 2*j. Suppose -2*d = -c, -2*h = -3*d + 4*d - 4. Let r(k) = -k + 2. What is r(h)?
2
Suppose -59*f = 116*f. Let b(h) = -3*h - 7. Give b(f).
-7
Let w(b) = 11*b - 200. Let r be w(17). Let k(v) = -4*v + 31. Calculate k(r).
83
Let s(b) = 81 - 43 - 39 - 8*b. Let o = -349 + 350. Give s(o).
-9
Let x(k) = -5*k**3 + 395*k**2 - 4. Let s be x(79). Let n(h) = -5*h + 3. What is n(s)?
23
Let u(i) = -76*i**3 + 2*i - 1. Suppose 319*o - 123 = 196. Calculate u(o).
-75
Let n(b) be the first derivative of 2*b**3/3 + 2*b**2 - 74*b + 30. Let u(h) be the first derivative of n(h). What is u(-5)?
-16
Let c(o) = 441*o - 3. Let u(h) = 24*h. Let l(a) = c(a) - 18*u(a). Determine l(0).
-3
Let f(h) be the first derivative of h**4/4 + 2*h**3/3 - 2*h**2 + 5*h - 175. Let q be -16*((-36)/16 - -1). Let g = q - 24. Give f(g).
-11
Let v be 144/(-48)*(-1)/(-3). Let f(d) = -2*d - 4*d + 5*d + 2*d. Determine f(v).
-1
Let q(f) = 8*f - 3. Let v(o) = -7*o + 3. Let z(y) = -4*q(y) - 5*v(y). Let m = -192 - -188. Let b be (m/(-10) - (-57)/95) + 4. What is z(b)?
12
Suppose z - 4 = w, -4*z - 3*w = -9 - 0. Let j(c) = -180*c + 536*c - c**2 - 178*c - 177*c. Let i be j(z). Let r(a) = -a**2 - 7*a + 3. Give r(i).
9
Let l(a) be the third derivative of 1/60*a**5 + 29*a**2 + 0 + 0*a + 1/3*a**3 - 5/24*a**4. What is l(4)?
-2
Suppose -u = -2*o - 4*u + 4, -u + 23 = 5*o. Let c = 9 - o. Let b(h) = 7*h - 4. Let l(n) = 9*n - 6. Let f(j) = 3*b(j) - 2*l(j). Calculate f(c).
12
Let s(p) = -p**3 - 8*p**2 - 9*p + 5. Suppose -163*n + 2*l - 18 = -161*n, -2*n = 4*l + 6. Give s(n).
19
Let c = -19 - 76. Let y = c + 101. Let j(z) = -5*z + 7. Determine j(y).
-23
Let c be 7/3 - (-1)/(-3). Suppose -c = -3*z - 20. Let j(x) be the first derivative of x**4/4 + 7*x**3/3 + 3*x**2 + 8*x - 19. Give j(z).
8
Suppose -r + 0 + 9 = 0. Let a(h) be the second derivative of h**5/120 - h**4/6 + 8*h**3 - 14*h + 3. Let y(s) be the second derivative of a(s). What is y(r)?
5
Let h(p) = -10 - p - 11*p + 9*p**2 + 11*p + 2*p**2 - 6*p**2 + p**3. Determine h(-4).
10
Let b(c) = c**3 - 6*c**2 + 5*c - 5. Let z be 17*2/(2*-1). Let j be ((-5)/5 + 25)/(-2). Let r = j - z. Give b(r).
-5
Let f = 4705 + -4719. Let m(q) = q - 13. Give m(f).
-27
Let t(q) = -5*q. Let z be ((-8)/(-24))/(1/12). Suppose -3*m + 4*m = 3*n - 17, 0 = 5*n + m - 15. Suppose -2*f + n*l - 3*l = 0, f + z*l = -9. Calculate t(f).
5
Let w(o) = o**2 - 18*o + 33. Let i be w(16). Let n(k) = 12. Let j(m) = -4*m - 71. Let t(c) = j(c) + 6*n(c). Give t(i).
-3
Let g(w) = w**3 + 9*w**2 + 8*w - 16. Let m = 11197 + -11202. Determine g(m).
44
Let a(i) = 4*i - 6. Suppose 4794 = -9*y + 26*y. Let m = y + -276. Give a(m).
18
Let k(h) be the first derivative of 4 - h**2 + 1/6*h**3 + 6*h. Let b(l) be the first derivative of k(l). What is b(4)?
2
Let m(p) = 104*p + 7. Let b(f) = 85*f + 6. Let z(t) = -6*b(t) + 5*m(t). Determine z(-4).
-41
Let t(i) = i**2 - 7*i. Let v = 189 - 164. Suppose 5*k - v = g, 10 = k + k + 3*g. What is t(k)?
-10
Let s(g) = 2*g**2 + 16*g - 42. Let u be s(-10). Let d(l) = -l**2 + 8*l + 18. Determine d(u).
-2
Let x be -1 - 2/((-6)/9). Let a(u) = -4 + 51*u**2 - 24*u**2 + u**3 - 26*u**x + 2. Give a(0).
-2
Let n(s) = 23*s - 23. Let v(p) = -189*p + 183. Let k(c) = -33*n(c) - 4*v(c). What is k(8)?
3
Let m(r) = -156*r**2 + 250*r - 333. Let p(s) = -35*s**2 + 63*s - 83. Let u(l) = -2*m(l) + 9*p(l). Calculate u(21).
3
Let a(y) = 3*y**2 - 96*y - 959. Let f be a(40). Let k(u) = 17*u - 26. Give k(f).
-9
Let h(r) be the second derivative of -r**6/120 - r**5/20 - r**4/8 - 2*r**3/3 - 92*r**2 + 95*r + 2. Let g(y) be the first derivative of h(y). What is g(-3)?
5
Let b(g) = -3*g**2 + 2*g. Let j(k) = -k**3 - 22*k**2 - 8*k - 12. Let x(n) = -4*b(n) + j(n). Calculate x(-8).
-12
Let w(x) = x**2 + 2*x - 3. Let o be w(1). Let m(q) be the third derivative of q**6/120 - q**4/24 - 5*q**3/6 - 101*q**2. Determine m(o).
-5
Let b be 7/1 + -5 + 8. Let v(j) = -13*j - b*j + 22*j - 9. Suppose 36 = 2*f - 6*f. Calculate v(f).
0
Let c(a) = a**3 + 10*a**2 - 4*a - 24. Let o(s) = -5*s**2 + 204*s + 463. Let v be o(43). Calculate c(v).
16
Let f(d) = d + 3*d**2 + 24 - 3*d - 2*d**2 + 4*d - 19. Let p be -2 + 0 + -1 + 1. Let s(h) = -h**2 - h - 2. Let v(m) = p*f(m) - 5*s(m). Give v(1).
4
Let k(p) = -p**3 + p**2 + p. Let n 